ppose -k = -s*k + 68. What is the tens digit of k?
1
Let n(x) = 2*x**2 - 5. What is the hundreds digit of n(-15)?
4
Let o = 13 - 10. What is the units digit of (1 - -21)*o/6?
1
Let f be ((-8)/(-6))/(4/30). Suppose 0 = -d - 0 + f. Let q = d - 0. What is the tens digit of q?
1
What is the hundreds digit of 3*-2*82/(-4)?
1
Let u be 3/2*(-28)/21. Let d be 1/(((-6)/15)/u). Suppose 0 = -n - d + 22. What is the units digit of n?
7
Let a(r) = -r + 1. Let t be a(6). Let c(l) = -3*l - 7. What is the units digit of c(t)?
8
Let s be (-3)/9 + (-30)/(-9). Suppose 0 = -5*u - 3*z + 21, 2*u - 2*z = s - 1. Suppose -l + u*b + 32 = 0, -2*l + 3 = -3*l - 4*b. What is the units digit of l?
7
Suppose -2*z = 6*z - 1128. What is the hundreds digit of z?
1
Suppose 5*s = -112 + 47. Let a = -11 - s. What is the units digit of a?
2
Let k be (3/2)/((-6)/8). Suppose d + 6 + 1 = 4*v, 4*v = -2*d - 2. What is the units digit of (1 + -15)/(k/v)?
7
Let q = -15 + 19. Suppose -q*y + 2*z + 83 = -z, 3*z = y - 14. What is the tens digit of y?
2
What is the tens digit of (-4 - (-10)/4) + 194/4?
4
Let u(s) = s + 16. What is the units digit of u(14)?
0
Let f(c) = -6*c**3 - c**2 + 2*c - 1. Let q be f(1). What is the tens digit of (-2)/q - 94/(-6)?
1
Suppose 2*i = -10, 2*u - 55 - 38 = -i. What is the tens digit of u?
4
Suppose h + 2*h + 36 = -3*n, -h + 36 = -3*n. Let a = 29 + n. What is the units digit of a?
7
Let g = -7 + 1. Let j = g + 3. Let s = j - -4. What is the units digit of s?
1
Suppose 0 = 3*g - 5*g. What is the units digit of (-2 - 1) + g + 21?
8
What is the units digit of 3 + -1 - (4 - 26)?
4
Suppose -3*m - 2*r + 156 = 0, 0*r = 3*m - 2*r - 168. What is the tens digit of m?
5
Let r be 4/14 + (-2)/7. Suppose j - 23 + 3 = r. What is the units digit of j?
0
Let z(v) = -v**2 - 7*v + 10. Let f be z(-8). Let y(k) = 5*k**2 - 2*k**2 + 0*k**2 - 1 + k - k**3. What is the units digit of y(f)?
5
Suppose 2 = -2*d + 12. Let m = 0 + d. What is the units digit of m?
5
Let t = -6 + 16. Let f = 0 + t. What is the units digit of 4/f + (-159)/(-15)?
1
Suppose -7*z + 8*z - 44 = 0. What is the units digit of z?
4
Suppose 5*m - 8 = 7. Suppose j = 2*o - 2*j - 2, 5*j = 3*o - m. What is the units digit of o?
1
Let i(u) = u**3 - 3*u**2 - 4*u + 3. Let d be i(4). What is the units digit of ((-21)/12 + d)*4?
5
Let c = -21 - -30. Let x = c - 8. What is the units digit of x?
1
Let z(m) = 7*m. Let r(f) = -8*f - 1. Let v(p) = -6*r(p) - 7*z(p). What is the units digit of v(0)?
6
Let k = 78 - 45. Let l = k + -7. What is the units digit of l?
6
Let t be -2 - (0 - -1 - 1). Let f be ((-3)/6)/(t/20). Suppose 5*h = 3*z + 42, z + 15 - f = h. What is the units digit of h?
6
Let x(s) = 1 - 2*s**3 + s**3 - 2*s**2 + 3*s + 0*s**2. Let m be x(-3). Suppose -v - m = -5. What is the units digit of v?
4
Let t(p) be the first derivative of p**2/2 + 5*p + 2. Suppose c = -2*g + 13, 2*g - 19 = -3*c + 4. What is the tens digit of t(c)?
1
Let d = 33 + -19. Suppose -6 = 5*g + 24. Let s = g + d. What is the units digit of s?
8
Suppose x + 2 = 4, -2*y + 2*x = -12. Let u(f) = -f**2 + 10*f - 5. What is the units digit of u(y)?
1
Suppose -4*m + 6 = -m. Suppose 13 + 5 = m*c. What is the units digit of c?
9
Suppose 3*y - 4*y = -13. What is the tens digit of y?
1
Let u(c) = -7*c**3 - c**2 + 6*c - 11. Let n(m) be the first derivative of -m**4/4 - m**3/3 - m - 1. Let l(p) = 6*n(p) - u(p). What is the units digit of l(6)?
5
Suppose -2*y + 6 = -0*y - g, -5*y - 5*g + 30 = 0. What is the units digit of y?
4
Let i(d) = -d**2 - 4*d + 6. Let j(p) = p**2 + 5*p - 5. Let k(x) = -3*i(x) - 4*j(x). What is the units digit of k(-7)?
9
Suppose 0*k = -4*w + 4*k + 28, 0 = 5*w - 4*k - 33. Suppose -w*y - 88 = -7*a + 3*a, 4*a = -3*y + 88. What is the units digit of a?
2
Let u(z) = -z**3 - 11*z**2 - 5*z + 1. What is the tens digit of u(-12)?
0
Suppose 5*f - 2*x = 346 + 365, f - 147 = 2*x. What is the hundreds digit of f?
1
Suppose -4 = 5*x + 71. What is the tens digit of 6/x - 157/(-5)?
3
Let n(m) = 13*m**3 - 2*m**2 + 1. Let v be n(1). What is the tens digit of (v - (3 + 0)) + 2?
1
Suppose 1 = 5*j - 9. Suppose 4 + 2 = -3*c. What is the units digit of j - (-3 - (c + 1))?
4
Let f(g) = -g**3 + 4*g**2 + 3*g + 3. Let q be f(5). Let y = 3 + q. Let n = y - -6. What is the units digit of n?
2
What is the units digit of 32 + (1 - -1) - 4/2?
2
Let s = -10 + 14. Suppose -75 = -s*k + 53. What is the units digit of k?
2
Let d(o) = o**2 - 4*o - 1. Let w be d(3). Let n = w - -3. What is the units digit of 4 - (0 - n)/1?
3
Suppose -62 + 17 = -5*i. Suppose -7 + 1 = -4*z + o, 0 = -4*o - 8. What is the units digit of (z - 2) + i/3?
2
Suppose -5*y - 16 + 66 = 0. Let m = y + 0. What is the units digit of m?
0
Suppose 0*y - y = -4. Suppose -y*z = -0*z. Suppose -3*w + m + 11 = z, 4*m = 2*w - 11 - 3. What is the units digit of w?
3
Suppose -k - 6 = -4*y + 6, -4*y - 5*k = 12. Suppose -2*d + 3*b + 45 = 3*d, 22 = d + y*b. What is the tens digit of d?
1
Suppose -4*p + 21 = -7*p. Let h(v) = -v - 3. Let i be h(p). Suppose -12 - 8 = -i*d. What is the units digit of d?
5
Let h = -29 + 69. What is the units digit of h?
0
Suppose u - 464 = -5*n, 3*n = -0*n - u + 280. What is the tens digit of n?
9
Suppose -j + 277 = 2*i, -13*j = -8*j - 5*i - 1445. What is the tens digit of j?
8
Let d = 1 - 2. Let q = -2 + d. What is the units digit of (1/q)/((-2)/30)?
5
Suppose -4*u + 4 = -0. Suppose 3*x + 11 = 4*z, 0 + u = 3*z + 5*x. What is the units digit of z?
2
Suppose 71 = 4*n + 31. Suppose -2*u = -t - 7, -3*u + 9*t - 4*t = -21. What is the units digit of u/n + 57/15?
4
Suppose -4*s + 127 = 5*h, -h + 59 = s + s. What is the tens digit of s?
2
Let v(a) = -a - 1. Let m(y) = 52*y - 4. Let i(b) = m(b) - 5*v(b). Let d be i(1). What is the units digit of d/8 + 3/(-12)?
7
Let d(v) = -5*v. What is the units digit of d(-10)?
0
Let y(w) = 16*w**2 + 3*w - 2. What is the tens digit of y(-3)?
3
Let r = 695 + -359. What is the tens digit of 4/(-10) + r/15?
2
Let v = -7 - -2. Let m = v - -5. Suppose m = -2*p + 24. What is the tens digit of p?
1
Suppose -40 = -0*j - 4*j. Let n be (2 + 0)*j/4. Suppose x = 5*h - 13, -5*h + 0 - 15 = -n*x. What is the units digit of x?
7
Let i(d) = -1. Let m(s) = 3. Let k(b) = 2*i(b) + m(b). Let j(a) = -a - 2. Let g(f) = -j(f) + 2*k(f). What is the units digit of g(4)?
8
Let x(o) = 51*o + 2. Let m(c) = -25*c - 1. Let q(b) = -9*m(b) - 4*x(b). What is the units digit of q(1)?
2
Let u = 303 + -151. What is the units digit of u?
2
Let i be -16*(2 - (-11)/(-4)). Let l = -4 + i. What is the units digit of l?
8
Suppose 191 = 2*z + p, -3*p - 130 - 152 = -3*z. What is the tens digit of z?
9
Let u = 365 + -214. Suppose -5*b + u = 41. What is the tens digit of b?
2
Let t = -21 + -12. Let h = t - -50. What is the tens digit of h?
1
Suppose 0 - 14 = -b. What is the tens digit of b?
1
Suppose 4*z + 3 + 33 = 5*i, 2*z + i = -32. Let r = z + 26. What is the units digit of r?
2
Suppose -2*o + 1 = 2*x - x, 4*x = -12. Suppose o*t - 3 = t + 4*v, 2*t = -2*v + 16. What is the units digit of t?
7
Suppose -738 = -2*w - 4*w. What is the tens digit of w?
2
Let d(x) = -x**2 + 3*x + 4. Let g be d(3). Suppose 4*h - g = 100. What is the units digit of h?
6
Suppose -2*y - 50 = -5*y + i, -26 = -2*y - 3*i. Suppose 0 = -2*x + 3*c - 8, 4*x + 0*x + 5*c + y = 0. What is the units digit of -1 - -1 - 8/x?
2
Let m = 20 - 19. What is the units digit of m?
1
Suppose 2*i - 3*w = -33, 36 = -3*i - w - 8. What is the units digit of 6/(-4)*50/i?
5
Suppose 4*x + x - 3*l - 7 = 0, 0 = -4*x - 4*l + 12. Let i = x - -3. What is the units digit of i?
5
Suppose 2 = -5*l + 17. Suppose 4*i - 75 = -l*v + i, v - 21 = -3*i. What is the tens digit of v?
2
Suppose s - 5*m = 75, -4*s + 129 = -3*m - 86. What is the tens digit of s?
5
Suppose 5*h - 3*x + 8 = -4*x, -2*x = -3*h + 3. Let z = h + 6. What is the units digit of z?
5
Suppose 0*a + 5 = a. Suppose 2*u + 1 - 9 = -q, -a*q = -4*u + 16. What is the tens digit of u/(-2) - (0 + -15)?
1
Let k(g) = 5*g - 6. Let z be k(3). Suppose -4*h = b - 163, -4*b - 19 = -h + z. What is the units digit of h?
0
Let j(u) = 4*u + 6. Let p be j(10). Suppose 4*c - p - 50 = -t, 0 = -2*c - 2*t + 48. Suppose -2*x = -6*x + c. What is the units digit of x?
6
Let w = -1 - -4. Suppose a = w*a. Suppose -25 = -5*r - a*n + 4*n, 4*r + 1